39912 and 14.
2
Calculate the highest common factor of 8554 and 7238.
658
What is the highest common factor of 1912 and 62857?
239
What is the greatest common factor of 28 and 5159812?
28
Calculate the greatest common factor of 655 and 1055467.
131
What is the greatest common factor of 4165 and 9979?
17
What is the greatest common divisor of 193 and 8?
1
Calculate the highest common divisor of 1188 and 176499.
27
What is the greatest common factor of 940 and 4095?
5
Calculate the highest common divisor of 390987 and 17699.
1609
What is the greatest common divisor of 38 and 584687?
19
Calculate the greatest common factor of 7520 and 60395.
235
What is the greatest common factor of 249486 and 3?
3
Calculate the highest common factor of 826 and 45371.
59
Calculate the highest common divisor of 19772 and 32.
4
What is the highest common factor of 2464 and 100912?
112
Calculate the highest common factor of 168 and 21784.
56
Calculate the greatest common factor of 769312 and 3248.
464
Calculate the greatest common factor of 5800386 and 569.
569
Calculate the highest common divisor of 8526 and 10092.
174
What is the highest common factor of 6771 and 366?
183
Calculate the highest common factor of 111 and 456321.
111
What is the greatest common factor of 350 and 5530?
70
Calculate the highest common divisor of 117 and 39000.
39
Calculate the highest common divisor of 111228 and 92.
92
What is the greatest common factor of 171 and 147?
3
What is the highest common divisor of 2912 and 7501?
13
Calculate the greatest common factor of 193212 and 5184.
108
What is the greatest common divisor of 3014 and 8756?
22
Calculate the highest common divisor of 488610 and 30.
30
Calculate the greatest common factor of 6 and 27294.
6
What is the greatest common factor of 45043 and 93?
31
Calculate the highest common divisor of 121 and 111199.
121
What is the highest common factor of 90 and 135270?
90
What is the highest common factor of 4368 and 20076?
84
Calculate the greatest common divisor of 345 and 1692.
3
What is the highest common divisor of 25201 and 2552?
319
Calculate the highest common divisor of 8613 and 6831.
297
What is the greatest common factor of 496 and 1960?
8
What is the highest common factor of 80699 and 9588?
799
What is the highest common divisor of 1132 and 224?
4
Calculate the highest common factor of 2643 and 10.
1
Calculate the highest common divisor of 36 and 2308512.
12
What is the highest common divisor of 167731 and 41?
41
What is the greatest common divisor of 63 and 11889?
9
What is the greatest common factor of 22892 and 4268?
388
What is the greatest common factor of 102718 and 770?
154
What is the greatest common factor of 708 and 1212?
12
Calculate the greatest common divisor of 1769 and 368793.
29
Calculate the highest common factor of 17532 and 900.
36
What is the highest common divisor of 2800 and 13300?
700
Calculate the greatest common divisor of 18272 and 60526.
1142
What is the greatest common factor of 112 and 22708?
28
Calculate the highest common factor of 149600 and 748.
748
What is the highest common factor of 30067 and 8430?
281
Calculate the highest common factor of 1931 and 337.
1
What is the highest common divisor of 328 and 14186?
82
What is the greatest common divisor of 621 and 8955?
9
Calculate the highest common factor of 39 and 6487.
13
Calculate the greatest common divisor of 393 and 486141.
393
Calculate the highest common factor of 14990 and 360.
10
Calculate the highest common factor of 67 and 1357219.
67
What is the highest common factor of 2226 and 5628?
42
What is the highest common factor of 16 and 4208?
16
Calculate the greatest common divisor of 285 and 307173.
57
What is the greatest common factor of 132536 and 24?
8
What is the highest common divisor of 286 and 325039?
143
Calculate the highest common factor of 1387 and 4891.
73
What is the greatest common divisor of 24530 and 2750?
110
What is the greatest common divisor of 4788 and 385966?
266
What is the greatest common factor of 376 and 238864?
8
What is the highest common factor of 240 and 9320?
40
Calculate the greatest common divisor of 42 and 225519.
21
Calculate the highest common divisor of 144 and 438.
6
What is the greatest common divisor of 33014 and 221?
17
Calculate the greatest common factor of 31234 and 11834.
194
Calculate the highest common divisor of 37244 and 28.
4
What is the greatest common divisor of 32 and 82196?
4
What is the highest common factor of 250679 and 52?
13
What is the highest common divisor of 509015 and 3820?
955
What is the greatest common factor of 4290 and 6149?
143
What is the greatest common factor of 5000 and 2120?
40
Calculate the highest common divisor of 64906 and 943.
23
What is the greatest common divisor of 33433 and 40918?
499
Calculate the highest common factor of 250 and 69550.
50
What is the greatest common factor of 36 and 678960?
36
Calculate the greatest common factor of 42 and 2674.
14
Calculate the highest common divisor of 25 and 156925.
25
What is the highest common factor of 17186 and 689?
13
What is the highest common divisor of 20 and 17968?
4
Calculate the greatest common factor of 26244 and 6156.
324
What is the highest common divisor of 26 and 1062646?
26
What is the greatest common divisor of 726 and 10043?
121
Calculate the greatest common divisor of 1462 and 170.
34
Calculate the greatest common divisor of 2559 and 9.
3
Calculate the greatest common divisor of 37597 and 6027.
287
Calculate the greatest common factor of 192 and 6830688.
96
What is the greatest common divisor of 2200 and 2675?
25
Calculate the greatest common factor of 6732 and 120.
12
What is the greatest common divisor of 2976567 and 11?
11
Calculate the greatest common divisor of 11316 and 23288.
164
Calculate the greatest common divisor of 592 and 591852.
148
Calculate the highest common divisor of 1072 and 59429.
67
What is the highest common divisor of 117 and 22191?
39
Calculate the greatest common factor of 1241450 and 40.
10
What is the greatest common divisor of 58 and 18647?
29
What is the highest common factor of 781 and 176?
11
What is the highest common divisor of 2989 and 4819?
61
What is the greatest common factor of 91128 and 96?
24
What is the greatest common divisor of 10920 and 18?
6
Calculate the highest common factor of 604 and 73235.
151
Calculate the highest common divisor of 2009 and 441.
49
What is the highest common factor of 1319478 and 564?
282
Calculate the highest common factor of 1846 and 1898.
26
Calculate the highest common factor of 138482 and 34.
34
Calculate the highest common divisor of 6749 and 136.
17
Calculate the greatest common divisor of 55 and 17985.
55
What is the highest common factor of 4030 and 313534?
806
Calculate the greatest common factor of 7355 and 1410.
5
Calculate the highest common divisor of 12 and 13092.
12
What is the highest common factor of 5222 and 4102?
14
What is the greatest common divisor of 161 and 3411107?
161
Calculate the greatest common factor of 7839 and 25929.
603
Calculate the greatest common factor of 100 and 35050.
50
Calculate the highest common divisor of 15050 and 8500.
50
Calculate the highest common divisor of 1744 and 14144.
16
What is the highest common factor of 2035 and 666370?
185
What is the greatest common factor of 4004 and 287716?
572
Calculate the greatest common divisor of 59398 and 238.
34
Calculate the highest common factor of 2691 and 21735.
207
Calculate the greatest common factor of 484 and 58960.
44
Calculate the greatest common factor of 999 and 1073.
37
Calculate the greatest common divisor of 113243 and 8866.
403
What is the highest common divisor of 3359616 and 768?
384
What is the highest common factor of 20616 and 96?
24
Calculate the greatest common divisor of 19728 and 342.
18
Calculate the highest common divisor of 21616 and 1456.
112
Calculate the greatest common divisor of 4428 and 2592.
108
What is the greatest common factor of 26325 and 2808?
351
Calculate the highest common factor of 31244 and 42048.
292
Calculate the highest common factor of 1440 and 350820.
180
Calculate the greatest common divisor of 288521 and 29.
29
What is the greatest common divisor of 66 and 19557?
3
What is the highest c